{"id":2,"date":"2021-01-25T14:08:26","date_gmt":"2021-01-25T14:08:26","guid":{"rendered":"https:\/\/www.geriatrie-badbramstedt.de\/?page_id=2"},"modified":"2021-06-03T08:29:51","modified_gmt":"2021-06-03T08:29:51","slug":"sample-page","status":"publish","type":"page","link":"https:\/\/www.geriatrie-badbramstedt.de\/","title":{"rendered":"Geriatrie Klinikum Bad Bramstedt"},"content":{"rendered":"<p>[et_pb_section fb_built=&#8220;1&#8243; custom_padding_last_edited=&#8220;on|phone&#8220; admin_label=&#8220;Hero&#8220; _builder_version=&#8220;4.8.1&#8243; use_background_color_gradient=&#8220;on&#8220; background_color_gradient_start=&#8220;rgba(49,128,192,0.2)&#8220; background_color_gradient_end=&#8220;rgba(49,128,192,0.6)&#8220; background_color_gradient_overlays_image=&#8220;on&#8220; background_image=&#8220;https:\/\/www.geriatrie-badbramstedt.de\/wp-content\/uploads\/2021\/02\/Design-ohne-Titel-50.png&#8220; background_position=&#8220;top_center&#8220; background_blend=&#8220;multiply&#8220; custom_margin=&#8220;|-2vw||||&#8220; custom_padding=&#8220;7vw|0px|7vw||true|false&#8220; custom_padding_tablet=&#8220;100px||100px|&#8220; custom_padding_phone=&#8220;|||&#8220; mix_blend_mode=&#8220;multiply&#8220; animation_style=&#8220;slide&#8220; animation_direction=&#8220;left&#8220; animation_intensity_slide=&#8220;5%&#8220; border_radii=&#8220;|||30vw|&#8220; border_color_all=&#8220;#34bfa1&#8243; border_width_right=&#8220;2vw&#8220; box_shadow_style=&#8220;preset4&#8243; box_shadow_horizontal=&#8220;80px&#8220; box_shadow_vertical=&#8220;0px&#8220; box_shadow_color=&#8220;#f6f4f1&#8243;][et_pb_row _builder_version=&#8220;3.25&#8243; custom_padding=&#8220;0|0px|27px|0px&#8220;][et_pb_column type=&#8220;4_4&#8243; _builder_version=&#8220;3.25&#8243; custom_padding=&#8220;|||&#8220; custom_padding__hover=&#8220;|||&#8220;][et_pb_text admin_label=&#8220;Text&#8220; _builder_version=&#8220;4.9.4&#8243; text_font=&#8220;Lato|300|||||||&#8220; text_font_size=&#8220;22px&#8220; text_line_height=&#8220;1.8em&#8220; ul_font=&#8220;||||||||&#8220; header_font=&#8220;Lato|900|||||||&#8220; header_font_size=&#8220;80px&#8220; header_line_height=&#8220;1.2em&#8220; header_2_font=&#8220;Lato|300|||||||&#8220; header_2_font_size=&#8220;35px&#8220; header_2_line_height=&#8220;1.1em&#8220; header_3_font=&#8220;Lato||||||||&#8220; text_orientation=&#8220;center&#8220; background_layout=&#8220;dark&#8220; module_alignment=&#8220;center&#8220; text_line_height_tablet=&#8220;2em&#8220; text_line_height_phone=&#8220;2em&#8220; text_line_height_last_edited=&#8220;off|desktop&#8220; header_font_size_tablet=&#8220;40px&#8220; header_font_size_phone=&#8220;&#8220; header_font_size_last_edited=&#8220;on|tablet&#8220; header_line_height_tablet=&#8220;1.2em&#8220; header_line_height_phone=&#8220;1.1em&#8220; header_line_height_last_edited=&#8220;on|phone&#8220; header_text_shadow_style=&#8220;preset2&#8243; header_text_shadow_color=&#8220;rgba(0,0,0,0.06)&#8220;]<\/p>\n<h1><strong>Geriatrie Bad Bramstedt<\/strong><\/h1>\n<h2>Unsere Klinik f\u00fcr Altersmedizin richtet sich an \u00e4ltere Patienten mit gesundheitlichen Einschr\u00e4nkungen<\/h2>\n<p>[\/et_pb_text][et_pb_button button_url=&#8220;#aufnahme&#8220; button_text=&#8220;Jetzt Kontakt aufnehmen&#8220; button_alignment=&#8220;center&#8220; _builder_version=&#8220;4.9.4&#8243; custom_button=&#8220;on&#8220; button_text_size=&#8220;14px&#8220; button_bg_color=&#8220;#34bfa1&#8243; button_border_width=&#8220;16px&#8220; button_border_color=&#8220;#34bfa1&#8243; button_border_radius=&#8220;100px&#8220; button_letter_spacing=&#8220;1px&#8220; button_font=&#8220;Lato|500|||||||&#8220; background_layout=&#8220;dark&#8220; custom_margin=&#8220;|||&#8220; custom_padding=&#8220;|||&#8220; locked=&#8220;off&#8220; button_text_size__hover_enabled=&#8220;off&#8220; button_one_text_size__hover_enabled=&#8220;off&#8220; button_two_text_size__hover_enabled=&#8220;off&#8220; button_text_color__hover_enabled=&#8220;off&#8220; button_one_text_color__hover_enabled=&#8220;off&#8220; button_two_text_color__hover_enabled=&#8220;off&#8220; button_border_width__hover_enabled=&#8220;off&#8220; button_one_border_width__hover_enabled=&#8220;off&#8220; button_two_border_width__hover_enabled=&#8220;off&#8220; button_border_color__hover_enabled=&#8220;off&#8220; button_one_border_color__hover_enabled=&#8220;off&#8220; button_two_border_color__hover_enabled=&#8220;off&#8220; button_border_radius__hover_enabled=&#8220;off&#8220; button_one_border_radius__hover_enabled=&#8220;off&#8220; button_two_border_radius__hover_enabled=&#8220;off&#8220; button_letter_spacing__hover_enabled=&#8220;off&#8220; button_one_letter_spacing__hover_enabled=&#8220;off&#8220; button_two_letter_spacing__hover_enabled=&#8220;off&#8220; button_bg_color__hover_enabled=&#8220;off&#8220; button_one_bg_color__hover_enabled=&#8220;off&#8220; button_two_bg_color__hover_enabled=&#8220;off&#8220;][\/et_pb_button][\/et_pb_column][\/et_pb_row][\/et_pb_section][et_pb_section fb_built=&#8220;1&#8243; admin_label=&#8220;Services&#8220; module_id=&#8220;aufnahme&#8220; _builder_version=&#8220;4.9.4&#8243; custom_padding=&#8220;23px|0px|30px|0px|false|false&#8220;][et_pb_row _builder_version=&#8220;3.25&#8243;][et_pb_column type=&#8220;4_4&#8243; _builder_version=&#8220;3.25&#8243; custom_padding=&#8220;|||&#8220; custom_padding__hover=&#8220;|||&#8220;][et_pb_text module_id=&#8220;anfragen&#8220; _builder_version=&#8220;4.9.4&#8243; text_font=&#8220;Montserrat|300|||||||&#8220; text_font_size=&#8220;16px&#8220; text_line_height=&#8220;1.8em&#8220; ul_font=&#8220;||||||||&#8220; ol_font=&#8220;||||||||&#8220; header_font=&#8220;||||||||&#8220; header_2_font=&#8220;Lato|700|||||||&#8220; header_2_font_size=&#8220;40px&#8220; header_2_line_height=&#8220;1.5em&#8220; text_orientation=&#8220;center&#8220; max_width=&#8220;1020px&#8220; module_alignment=&#8220;center&#8220; custom_margin=&#8220;|||&#8220; custom_margin_tablet=&#8220;0px|50px||50px&#8220; custom_margin_last_edited=&#8220;off|desktop&#8220; custom_padding=&#8220;|||&#8220; hover_enabled=&#8220;0&#8243; text_line_height_tablet=&#8220;1.8em&#8220; text_line_height_phone=&#8220;1.8em&#8220; text_line_height_last_edited=&#8220;off|desktop&#8220; header_2_font_size_tablet=&#8220;40px&#8220; header_2_font_size_phone=&#8220;30px&#8220; header_2_font_size_last_edited=&#8220;on|phone&#8220; sticky_enabled=&#8220;0&#8243;]<\/p>\n<h2>Jetzt Aufnahme in der Geriatrie anfragen<\/h2>\n<p>[\/et_pb_text][\/et_pb_column][\/et_pb_row][et_pb_row _builder_version=&#8220;3.25&#8243; custom_padding=&#8220;3px|||||&#8220;][et_pb_column type=&#8220;4_4&#8243; _builder_version=&#8220;3.25&#8243; custom_padding=&#8220;|||&#8220; custom_padding__hover=&#8220;|||&#8220;][et_pb_code _builder_version=&#8220;4.8.1&#8243; _module_preset=&#8220;default&#8220; module_alignment=&#8220;center&#8220;]<script src=\"https:\/\/storage.googleapis.com\/niro-eu-static\/widget\/v1-2-3\/index.min.js\"><\/script><niroflow niroflow-id=\"geriatrie\" width=\"100%\" pass-parameters=\"true\" dynamic-height=\"true\"><\/niroflow><!-- [et_pb_line_break_holder] -->[\/et_pb_code][\/et_pb_column][\/et_pb_row][\/et_pb_section][et_pb_section fb_built=&#8220;1&#8243; custom_padding_last_edited=&#8220;on|desktop&#8220; next_background_color=&#8220;#ffffff&#8220; admin_label=&#8220;Header&#8220; _builder_version=&#8220;4.8.1&#8243; use_background_color_gradient=&#8220;on&#8220; background_color_gradient_start=&#8220;#7876FE&#8220; background_color_gradient_end=&#8220;#99D1FF&#8220; background_color_gradient_direction=&#8220;130deg&#8220; background_image=&#8220;https:\/\/www.geriatrie-badbramstedt.de\/wp-content\/uploads\/2021\/02\/Design-ohne-Titel-51.png&#8220; custom_padding=&#8220;7vw||14vw||false|false&#8220; custom_padding_tablet=&#8220;100px||100px||true&#8220; custom_padding_phone=&#8220;||||true&#8220; bottom_divider_style=&#8220;ramp2&#8243; bottom_divider_height=&#8220;250px&#8220; bottom_divider_flip=&#8220;horizontal&#8220; bottom_divider_height_tablet=&#8220;150px&#8220; bottom_divider_height_phone=&#8220;110px&#8220; bottom_divider_height_last_edited=&#8220;on|phone&#8220; saved_tabs=&#8220;all&#8220;][\/et_pb_section][et_pb_section fb_built=&#8220;1&#8243; admin_label=&#8220;Contact&#8220; _builder_version=&#8220;4.8.1&#8243; background_color=&#8220;#ffffff&#8220; custom_padding=&#8220;40px||40px||true|false&#8220; saved_tabs=&#8220;all&#8220;][et_pb_row module_id=&#8220;ueber-uns&#8220; _builder_version=&#8220;4.9.0&#8243; _module_preset=&#8220;default&#8220;][et_pb_column type=&#8220;4_4&#8243; _builder_version=&#8220;4.8.1&#8243; _module_preset=&#8220;default&#8220;][et_pb_text _builder_version=&#8220;4.8.1&#8243; _module_preset=&#8220;default&#8220; header_2_font=&#8220;Lato|700|||||||&#8220; header_2_font_size=&#8220;40px&#8220;]<\/p>\n<h2 style=\"text-align: center;\">\u00dcber die Geriatrie Bad Bramstedt<\/h2>\n<p>[\/et_pb_text][\/et_pb_column][\/et_pb_row][et_pb_row column_structure=&#8220;1_2,1_2&#8243; _builder_version=&#8220;4.8.1&#8243; _module_preset=&#8220;default&#8220;][et_pb_column type=&#8220;1_2&#8243; _builder_version=&#8220;4.8.1&#8243; _module_preset=&#8220;default&#8220;][et_pb_text _builder_version=&#8220;4.8.1&#8243; _module_preset=&#8220;default&#8220; text_font=&#8220;Lato||||||||&#8220; text_font_size=&#8220;16px&#8220; text_line_height=&#8220;2em&#8220;]<\/p>\n<p class=\"x_MsoNormal\"><span>Die Klinik f\u00fcr\u00a0<span data-markjs=\"true\" class=\"markbe794by0y\" data-ogac=\"\" data-ogab=\"\" data-ogsc=\"\" data-ogsb=\"\">Geriatrie<\/span>\u00a0geh\u00f6rt zu den akut versorgenden Kliniken des Klinikums Bad Bramstedt. In dieser medizinischen Fachdisziplin besch\u00e4ftigen wir uns mit altersbedingten Krankheiten und Funktionseinschr\u00e4nkungen &#8211; h\u00e4ufig geht es hierbei um Mehrfacherkrankungen (Multimorbidit\u00e4t), verbunden mit verminderter Beweglichkeit.<\/span><\/p>\n<p class=\"x_MsoNormal\"><span>Die Klinik bildet zusammen mit der Klinik f\u00fcr Fr\u00fchrehabilitation und\u00a0<span data-markjs=\"true\" class=\"markbe794by0y\" data-ogac=\"\" data-ogab=\"\" data-ogsc=\"\" data-ogsb=\"\">Geriatrie<\/span>\u00a0des Friedrich-Ebert-Krankenhauses Neum\u00fcnster (FEK) ein altersmedizinisches Zentrum, mit der Fr\u00fchrehabilitation in Bad Bramstedt und der Akutversorgung im FEK Neum\u00fcnster. Die zur Verf\u00fcgung stehenden diagnostischen und therapeutischen M\u00f6glichkeiten des Klinikum Bad Bramstedt und des FEK k\u00f6nnen so gemeinsam genutzt werden<\/span><\/p>\n<p>[\/et_pb_text][\/et_pb_column][et_pb_column type=&#8220;1_2&#8243; _builder_version=&#8220;4.8.1&#8243; _module_preset=&#8220;default&#8220;][et_pb_text _builder_version=&#8220;4.9.0&#8243; _module_preset=&#8220;default&#8220; text_font=&#8220;Lato||||||||&#8220; text_font_size=&#8220;16px&#8220; text_line_height=&#8220;2em&#8220;]<\/p>\n<p class=\"x_MsoNormal\"><span>Die Patienten profitieren von der langj\u00e4hrigen Erfahrung im Bereich der Akutmedizin im FEK und der Rehabilitation im Klinikum Bad Bramstedt. Die enge Verzahnung der Kliniken gew\u00e4hrleistet einen flie\u00dfenden \u00dcbergang der Patienten von der Akutphase in den rehabilitativen Behandlungsteil. Die gesamte Behandlung bis zum Ende der Rehabilitation wird in intensivem Austausch der Abteilungen durchgef\u00fchrt.<\/span><\/p>\n<p class=\"x_MsoNormal\">Haben Sie Fragen zu unsere Geriatrie oder zu unserem geriatrischen Assessment? <a href=\"#anfragen\">Dann schauen Sie mal hier.<\/a><span><\/span><\/p>\n<p class=\"x_MsoNormal\"><span><\/span><\/p>\n<p>[\/et_pb_text][\/et_pb_column][\/et_pb_row][et_pb_row module_id=&#8220;schwerpunkte&#8220; _builder_version=&#8220;4.9.0&#8243; _module_preset=&#8220;default&#8220;][et_pb_column type=&#8220;4_4&#8243; _builder_version=&#8220;4.8.1&#8243; _module_preset=&#8220;default&#8220;][et_pb_text _builder_version=&#8220;4.8.1&#8243; _module_preset=&#8220;default&#8220; text_font=&#8220;Lato||||||||&#8220; text_font_size=&#8220;16px&#8220; text_line_height=&#8220;2em&#8220; header_2_font=&#8220;Lato||||||||&#8220; header_2_font_size=&#8220;40px&#8220;]<\/p>\n<h2 class=\"x_MsoNormal\" style=\"text-align: center;\">Unsere Behandlungsschwerpunkte<\/h2>\n<p>[\/et_pb_text][\/et_pb_column][\/et_pb_row][et_pb_row column_structure=&#8220;3_5,2_5&#8243; _builder_version=&#8220;4.8.1&#8243;][et_pb_column type=&#8220;3_5&#8243; _builder_version=&#8220;3.25&#8243; custom_padding=&#8220;|||&#8220; custom_padding__hover=&#8220;|||&#8220;][et_pb_blurb title=&#8220;Erkrankung des Nerven- und Kreislaufsystems, der Verdauungsorgane, des Muskel-Skelett-Systems und des Bindegewebes&#8220; use_icon=&#8220;on&#8220; font_icon=&#8220;%%45%%&#8220; icon_color=&#8220;#2f8cff&#8220; use_circle=&#8220;on&#8220; circle_color=&#8220;#c5dfff&#8220; icon_placement=&#8220;left&#8220; content_max_width=&#8220;100%&#8220; use_icon_font_size=&#8220;on&#8220; icon_font_size=&#8220;22px&#8220; _builder_version=&#8220;4.8.1&#8243; header_font=&#8220;Lato||||||||&#8220; header_text_align=&#8220;left&#8220; header_line_height=&#8220;2em&#8220; body_font=&#8220;Lato||||||||&#8220; body_text_color=&#8220;#000000&#8243; body_font_size=&#8220;16px&#8220; body_line_height=&#8220;2em&#8220; width=&#8220;100%&#8220; custom_margin=&#8220;||16px|||&#8220; animation_style=&#8220;fade&#8220; animation=&#8220;off&#8220;][\/et_pb_blurb][et_pb_blurb title=&#8220;nachlassende Ged\u00e4chtnisfunktionen (Demenz) und damit verbundener Einschr\u00e4nkung der Beweglichkeit und Reaktionsgeschwindigkeit&#8220; use_icon=&#8220;on&#8220; font_icon=&#8220;%%45%%&#8220; icon_color=&#8220;#2f8cff&#8220; use_circle=&#8220;on&#8220; circle_color=&#8220;#c5dfff&#8220; icon_placement=&#8220;left&#8220; content_max_width=&#8220;100%&#8220; use_icon_font_size=&#8220;on&#8220; icon_font_size=&#8220;22px&#8220; _builder_version=&#8220;4.8.1&#8243; header_font=&#8220;Lato||||||||&#8220; header_line_height=&#8220;2em&#8220; body_font=&#8220;Lato||||||||&#8220; body_text_color=&#8220;#000000&#8243; body_font_size=&#8220;16px&#8220; body_line_height=&#8220;2em&#8220; animation_style=&#8220;fade&#8220; animation=&#8220;off&#8220;][\/et_pb_blurb][et_pb_blurb title=&#8220;Erkrankung nach Sturz&#8220; use_icon=&#8220;on&#8220; font_icon=&#8220;%%45%%&#8220; icon_color=&#8220;#2f8cff&#8220; use_circle=&#8220;on&#8220; circle_color=&#8220;#c5dfff&#8220; icon_placement=&#8220;left&#8220; content_max_width=&#8220;100%&#8220; use_icon_font_size=&#8220;on&#8220; icon_font_size=&#8220;22px&#8220; _builder_version=&#8220;4.8.1&#8243; header_font=&#8220;Lato||||||||&#8220; header_line_height=&#8220;2em&#8220; body_font=&#8220;Lato||||||||&#8220; body_text_color=&#8220;#000000&#8243; body_font_size=&#8220;16px&#8220; body_line_height=&#8220;2em&#8220; animation_style=&#8220;fade&#8220; animation=&#8220;off&#8220;][\/et_pb_blurb][et_pb_blurb title=&#8220;Mangelern\u00e4hrung (Sarkopenie)&#8220; use_icon=&#8220;on&#8220; font_icon=&#8220;%%45%%&#8220; icon_color=&#8220;#2f8cff&#8220; use_circle=&#8220;on&#8220; circle_color=&#8220;#c5dfff&#8220; icon_placement=&#8220;left&#8220; content_max_width=&#8220;100%&#8220; use_icon_font_size=&#8220;on&#8220; icon_font_size=&#8220;22px&#8220; _builder_version=&#8220;4.8.1&#8243; header_font=&#8220;Lato||||||||&#8220; header_line_height=&#8220;2em&#8220; body_font=&#8220;Lato||||||||&#8220; body_text_color=&#8220;#000000&#8243; body_font_size=&#8220;16px&#8220; body_line_height=&#8220;2em&#8220; animation_style=&#8220;fade&#8220; animation=&#8220;off&#8220;][\/et_pb_blurb][et_pb_blurb title=&#8220;Osteoporose und daraus folgender Knochenbruchgefahr&#8220; use_icon=&#8220;on&#8220; font_icon=&#8220;%%45%%&#8220; icon_color=&#8220;#2f8cff&#8220; use_circle=&#8220;on&#8220; circle_color=&#8220;#c5dfff&#8220; icon_placement=&#8220;left&#8220; content_max_width=&#8220;100%&#8220; use_icon_font_size=&#8220;on&#8220; icon_font_size=&#8220;22px&#8220; _builder_version=&#8220;4.8.1&#8243; header_font=&#8220;Lato||||||||&#8220; header_line_height=&#8220;2em&#8220; body_font=&#8220;Lato||||||||&#8220; body_text_color=&#8220;#000000&#8243; body_font_size=&#8220;16px&#8220; body_line_height=&#8220;2em&#8220; animation_style=&#8220;fade&#8220; animation=&#8220;off&#8220;][\/et_pb_blurb][\/et_pb_column][et_pb_column type=&#8220;2_5&#8243; _builder_version=&#8220;4.8.1&#8243; custom_padding=&#8220;|||&#8220; custom_padding__hover=&#8220;|||&#8220;][et_pb_text _builder_version=&#8220;4.8.1&#8243; _module_preset=&#8220;default&#8220; text_font=&#8220;Lato||||||||&#8220; text_text_color=&#8220;#000000&#8243; text_font_size=&#8220;16px&#8220; text_line_height=&#8220;2em&#8220; custom_margin=&#8220;|||0px||&#8220; custom_padding=&#8220;|40px||70px||&#8220;]<\/p>\n<p>Haben Sie Fragen zur Aufnahme in unserer Geriatrie oder m\u00f6chten Sie die Aufnahme f\u00fcr einen Patienten oder Angeh\u00f6rigen anfragen? Dann schreiben Sie uns heute und f\u00fcllen unser geriatrisches Assesment aus, das uns Ihre Anfrage erleichtert.\u00a0<\/p>\n<p>[\/et_pb_text][et_pb_button button_url=&#8220;#anfragen&#8220; button_text=&#8220;Jetzt Aufnahme anfragen&#8220; _builder_version=&#8220;4.9.0&#8243; _module_preset=&#8220;default&#8220; custom_button=&#8220;on&#8220; button_font=&#8220;Lato||||||||&#8220; custom_margin=&#8220;|||70px||&#8220;][\/et_pb_button][\/et_pb_column][\/et_pb_row][\/et_pb_section][et_pb_section fb_built=&#8220;1&#8243; custom_padding_last_edited=&#8220;on|desktop&#8220; prev_background_color=&#8220;#ffffff&#8220; admin_label=&#8220;Call to action&#8220; _builder_version=&#8220;4.9.0&#8243; use_background_color_gradient=&#8220;on&#8220; background_color_gradient_start=&#8220;#7876FE&#8220; background_color_gradient_end=&#8220;#99D1FF&#8220; background_color_gradient_direction=&#8220;130deg&#8220; background_image=&#8220;https:\/\/www.geriatrie-badbramstedt.de\/wp-content\/uploads\/2021\/02\/LFA0876-scaled.jpg&#8220; background_position=&#8220;top_center&#8220; custom_padding=&#8220;17vw||15vw||false|false&#8220; custom_padding_tablet=&#8220;100px||100px||true&#8220; custom_padding_phone=&#8220;||||true&#8220; top_divider_style=&#8220;ramp2&#8243; top_divider_height=&#8220;250px&#8220; top_divider_flip=&#8220;vertical&#8220; top_divider_height_tablet=&#8220;150px&#8220; top_divider_height_phone=&#8220;110px&#8220; top_divider_height_last_edited=&#8220;on|phone&#8220; saved_tabs=&#8220;all&#8220;][\/et_pb_section][et_pb_section fb_built=&#8220;1&#8243; admin_label=&#8220;Testimonial&#8220; _builder_version=&#8220;3.22&#8243; custom_padding=&#8220;||101px|&#8220;][et_pb_row _builder_version=&#8220;4.8.1&#8243; background_color=&#8220;#ffffff&#8220; background_size=&#8220;initial&#8220; background_position=&#8220;top_left&#8220; background_repeat=&#8220;repeat&#8220; max_width=&#8220;1440px&#8220; custom_margin=&#8220;-10%|||&#8220; custom_padding=&#8220;|40px||40px&#8220; animation_style=&#8220;slide&#8220; animation_direction=&#8220;bottom&#8220; animation_intensity_slide=&#8220;6%&#8220; animation_starting_opacity=&#8220;100%&#8220; border_radii=&#8220;on|15px|15px|15px|15px&#8220; border_color_all=&#8220;#34bfa1&#8243; border_width_top=&#8220;18px&#8220; box_shadow_style=&#8220;preset3&#8243; box_shadow_vertical=&#8220;39px&#8220; box_shadow_blur=&#8220;80px&#8220; box_shadow_color=&#8220;rgba(0,0,0,0.1)&#8220; use_custom_width=&#8220;on&#8220; custom_width_px=&#8220;1440px&#8220;][et_pb_column type=&#8220;4_4&#8243; _builder_version=&#8220;3.25&#8243; custom_padding=&#8220;|||&#8220; custom_padding__hover=&#8220;|||&#8220;][et_pb_testimonial author=&#8220;Liliya Lozover&#8220; job_title=&#8220;Chef\u00e4rztin der Klinik f\u00fcr Geriatrie&#8220; portrait_url=&#8220;https:\/\/www.geriatrie-badbramstedt.de\/wp-content\/uploads\/2021\/02\/Bildschirmfoto-2021-02-09-um-16.40.32.png&#8220; quote_icon=&#8220;off&#8220; _builder_version=&#8220;4.8.1&#8243; body_font=&#8220;Lato||on||||||&#8220; body_text_color=&#8220;#898f99&#8243; body_font_size=&#8220;20px&#8220; body_line_height=&#8220;2em&#8220; use_background_color=&#8220;off&#8220; custom_margin=&#8220;||60px|&#8220; box_shadow_style_image=&#8220;preset3&#8243; box_shadow_color_image=&#8220;rgba(0,0,0,0.14)&#8220;]&#8220;Lorem ipsum dolor sit amet, consectetur adipiscing elit, sed do eiusmod tempor incididunt ut labore et dolore magna aliqua. Ut enim ad minim veniam, quis nostrud exercitation ullamco laboris nisi ut aliquip ex ea commodo consequat.<br \/>\n[\/et_pb_testimonial][\/et_pb_column][\/et_pb_row][\/et_pb_section][et_pb_section fb_built=&#8220;1&#8243; admin_label=&#8220;Testimonial&#8220; _builder_version=&#8220;3.22&#8243; custom_padding=&#8220;0px||101px|||&#8220;][et_pb_row _builder_version=&#8220;4.9.0&#8243; _module_preset=&#8220;default&#8220;][et_pb_column type=&#8220;4_4&#8243; _builder_version=&#8220;4.9.0&#8243; _module_preset=&#8220;default&#8220;][et_pb_gallery gallery_ids=&#8220;108,109,110,111&#8243; fullwidth=&#8220;on&#8220; _builder_version=&#8220;4.9.0&#8243; _module_preset=&#8220;default&#8220;][\/et_pb_gallery][\/et_pb_column][\/et_pb_row][\/et_pb_section][et_pb_section fb_built=&#8220;1&#8243; admin_label=&#8220;Services&#8220; _builder_version=&#8220;4.8.1&#8243; background_color=&#8220;#f6f4f1&#8243; custom_padding=&#8220;23px|0px|30px|0px|false|false&#8220;][et_pb_row _builder_version=&#8220;3.25&#8243;][et_pb_column type=&#8220;4_4&#8243; _builder_version=&#8220;3.25&#8243; custom_padding=&#8220;|||&#8220; custom_padding__hover=&#8220;|||&#8220;][et_pb_text _builder_version=&#8220;4.9.0&#8243; text_font=&#8220;Montserrat|300|||||||&#8220; text_font_size=&#8220;16px&#8220; text_line_height=&#8220;1.8em&#8220; ul_font=&#8220;||||||||&#8220; ol_font=&#8220;||||||||&#8220; header_font=&#8220;||||||||&#8220; header_2_font=&#8220;Lato|700|||||||&#8220; header_2_font_size=&#8220;40px&#8220; header_2_line_height=&#8220;1.5em&#8220; text_orientation=&#8220;center&#8220; max_width=&#8220;1020px&#8220; module_alignment=&#8220;center&#8220; custom_margin=&#8220;|||&#8220; custom_margin_tablet=&#8220;0px|50px||50px&#8220; custom_margin_last_edited=&#8220;off|desktop&#8220; custom_padding=&#8220;|||&#8220; text_line_height_tablet=&#8220;1.8em&#8220; text_line_height_phone=&#8220;1.8em&#8220; text_line_height_last_edited=&#8220;off|desktop&#8220; header_2_font_size_tablet=&#8220;40px&#8220; header_2_font_size_phone=&#8220;30px&#8220; header_2_font_size_last_edited=&#8220;on|phone&#8220;]<\/p>\n<h2 style=\"text-align: left;\">Ihr Partner darf mitkommen<\/h2>\n<p class=\"x_MsoNormal\" style=\"text-align: left;\"><span><\/span><\/p>\n<p class=\"bodytext\" style=\"text-align: left;\">In der Klinik f\u00fcr Geriatrie haben Sie die M\u00f6glichkeit, Ihren Partner mitzubringen. Er wohnt w\u00e4hrend Ihres Aufenthaltes im KLINIKUM, erh\u00e4lt Verpflegung und kann Ihren Genesungsprozess unterst\u00fctzen. Selbstverst\u00e4ndlich kann Ihre Begleitung die kulturellen Angebote des Klinikums in Anspruch nehmen. Im klinikeigenen Theater k\u00f6nnen Sie Ausstellungen, Vorstellungen oder Konzerte besuchen, oder Sie schauen bei einem der Kreativkurse vorbei. Die Lage Bad Bramstedts, gleichzeitig im Gr\u00fcnen und in der N\u00e4he Hamburgs und L\u00fcbecks, l\u00e4dt au\u00dferdem zu Ausfl\u00fcgen ein.<\/p>\n<p class=\"bodytext\" style=\"text-align: left;\">Hinzu kommt, dass Ihre Begleitung sich im KLINIKUM BAD BRAMSTEDT \u00e4rztlich untersuchen lassen und bei Bedarf das medizinische Angebot des<span>\u00a0<\/span><a href=\"https:\/\/www.klinikumbadbramstedt.de\/leistungsspektrum\/mvz\/\">Medizinischen Versorgungszentrums<span>\u00a0<\/span><\/a>im Klinikum nutzen kann.<\/p>\n<p>[\/et_pb_text][\/et_pb_column][\/et_pb_row][\/et_pb_section]<\/p>\n","protected":false},"excerpt":{"rendered":"<p>Geriatrie Bad Bramstedt Unsere Klinik f\u00fcr Altersmedizin richtet sich an \u00e4ltere Patienten mit gesundheitlichen Einschr\u00e4nkungenJetzt Aufnahme in der Geriatrie anfragen\u00dcber die Geriatrie Bad BramstedtDie Klinik f\u00fcr\u00a0Geriatrie\u00a0geh\u00f6rt zu den akut versorgenden Kliniken des Klinikums Bad Bramstedt. In dieser medizinischen Fachdisziplin besch\u00e4ftigen wir uns mit altersbedingten Krankheiten und Funktionseinschr\u00e4nkungen &#8211; h\u00e4ufig geht es hierbei um Mehrfacherkrankungen (Multimorbidit\u00e4t), [&hellip;]<\/p>\n","protected":false},"author":1,"featured_media":0,"parent":0,"menu_order":0,"comment_status":"closed","ping_status":"open","template":"","meta":{"_et_pb_use_builder":"on","_et_pb_old_content":"<!-- wp:paragraph -->\n<p>This is an example page. It's different from a blog post because it will stay in one place and will show up in your site navigation (in most themes). Most people start with an About page that introduces them to potential site visitors. It might say something like this:<\/p>\n<!-- \/wp:paragraph -->\n\n<!-- wp:quote -->\n<blockquote class=\"wp-block-quote\"><p>Hi there! I'm a bike messenger by day, aspiring actor by night, and this is my website. I live in Los Angeles, have a great dog named Jack, and I like pi\u00f1a coladas. (And gettin' caught in the rain.)<\/p><\/blockquote>\n<!-- \/wp:quote -->\n\n<!-- wp:paragraph -->\n<p>...or something like this:<\/p>\n<!-- \/wp:paragraph -->\n\n<!-- wp:quote -->\n<blockquote class=\"wp-block-quote\"><p>The XYZ Doohickey Company was founded in 1971, and has been providing quality doohickeys to the public ever since. Located in Gotham City, XYZ employs over 2,000 people and does all kinds of awesome things for the Gotham community.<\/p><\/blockquote>\n<!-- \/wp:quote -->\n\n<!-- wp:paragraph -->\n<p>As a new WordPress user, you should go to <a href=\"https:\/\/www.geriatrie-badbramstedt.de\/wp-admin\/\">your dashboard<\/a> to delete this page and create new pages for your content. Have fun!<\/p>\n<!-- \/wp:paragraph -->","_et_gb_content_width":""},"_links":{"self":[{"href":"https:\/\/www.geriatrie-badbramstedt.de\/index.php?rest_route=\/wp\/v2\/pages\/2"}],"collection":[{"href":"https:\/\/www.geriatrie-badbramstedt.de\/index.php?rest_route=\/wp\/v2\/pages"}],"about":[{"href":"https:\/\/www.geriatrie-badbramstedt.de\/index.php?rest_route=\/wp\/v2\/types\/page"}],"author":[{"embeddable":true,"href":"https:\/\/www.geriatrie-badbramstedt.de\/index.php?rest_route=\/wp\/v2\/users\/1"}],"replies":[{"embeddable":true,"href":"https:\/\/www.geriatrie-badbramstedt.de\/index.php?rest_route=%2Fwp%2Fv2%2Fcomments&post=2"}],"version-history":[{"count":25,"href":"https:\/\/www.geriatrie-badbramstedt.de\/index.php?rest_route=\/wp\/v2\/pages\/2\/revisions"}],"predecessor-version":[{"id":134,"href":"https:\/\/www.geriatrie-badbramstedt.de\/index.php?rest_route=\/wp\/v2\/pages\/2\/revisions\/134"}],"wp:attachment":[{"href":"https:\/\/www.geriatrie-badbramstedt.de\/index.php?rest_route=%2Fwp%2Fv2%2Fmedia&parent=2"}],"curies":[{"name":"wp","href":"https:\/\/api.w.org\/{rel}","templated":true}]}}